{"id":1193,"date":"2019-01-18T17:50:41","date_gmt":"2019-01-18T19:50:41","guid":{"rendered":"https:\/\/www.greatholdings.com.br\/oil\/?page_id=1193"},"modified":"2019-02-13T01:19:41","modified_gmt":"2019-02-13T03:19:41","slug":"perfuracao","status":"publish","type":"page","link":"https:\/\/www.greatholdings.com.br\/oil\/perfuracao\/","title":{"rendered":"Perfura\u00e7\u00e3o"},"content":{"rendered":"<p>[vc_row][vc_column width=&#8221;2\/3&#8243;][vc_empty_space][vc_empty_space][vc_column_text]<\/p>\n<p><strong>Algumas das sondas da frota da Great Oil s\u00e3o particularmente avan\u00e7adas e apresentam caracter\u00edsticas especiais, como \u00e9 o caso da sonda Oil-120, fabricada em 2011 pela Care Industries, no Canad\u00e1.<\/strong><\/p>\n<p>Esta sonda, de 850 HP, com capacidade de perfurar po\u00e7os de at\u00e9 3,5 mil metros, possui um walking system, que permite que ela se desloque em uma mesma loca\u00e7\u00e3o, sem necessidade de utiliza\u00e7\u00e3o de guindastes ou caminh\u00f5es, gerando grande economia de recursos e tempo.[\/vc_column_text][\/vc_column][vc_column width=&#8221;1\/3&#8243;][\/vc_column][\/vc_row][vc_row][vc_column][vc_empty_space][\/vc_column][\/vc_row]<\/p>\n","protected":false},"excerpt":{"rendered":"<p>[vc_row][vc_column width=&#8221;2\/3&#8243;][vc_empty_space][vc_empty_space][vc_column_text] Algumas das sondas da frota da Great Oil s\u00e3o particularmente avan\u00e7adas e apresentam caracter\u00edsticas especiais, como \u00e9 o caso da sonda Oil-120, fabricada em 2011 pela Care Industries, no Canad\u00e1. Esta sonda, de 850 HP, com capacidade de perfurar po\u00e7os de at\u00e9 3,5 mil metros, possui um walking system, que permite que ela [&hellip;]<\/p>\n","protected":false},"author":2,"featured_media":0,"parent":0,"menu_order":0,"comment_status":"closed","ping_status":"closed","template":"page-templates\/template-full.php","meta":{"footnotes":""},"class_list":["post-1193","page","type-page","status-publish","hentry"],"_links":{"self":[{"href":"https:\/\/www.greatholdings.com.br\/oil\/wp-json\/wp\/v2\/pages\/1193","targetHints":{"allow":["GET"]}}],"collection":[{"href":"https:\/\/www.greatholdings.com.br\/oil\/wp-json\/wp\/v2\/pages"}],"about":[{"href":"https:\/\/www.greatholdings.com.br\/oil\/wp-json\/wp\/v2\/types\/page"}],"author":[{"embeddable":true,"href":"https:\/\/www.greatholdings.com.br\/oil\/wp-json\/wp\/v2\/users\/2"}],"replies":[{"embeddable":true,"href":"https:\/\/www.greatholdings.com.br\/oil\/wp-json\/wp\/v2\/comments?post=1193"}],"version-history":[{"count":3,"href":"https:\/\/www.greatholdings.com.br\/oil\/wp-json\/wp\/v2\/pages\/1193\/revisions"}],"predecessor-version":[{"id":1209,"href":"https:\/\/www.greatholdings.com.br\/oil\/wp-json\/wp\/v2\/pages\/1193\/revisions\/1209"}],"wp:attachment":[{"href":"https:\/\/www.greatholdings.com.br\/oil\/wp-json\/wp\/v2\/media?parent=1193"}],"curies":[{"name":"wp","href":"https:\/\/api.w.org\/{rel}","templated":true}]}}