{"id":1223,"date":"2019-01-18T18:53:04","date_gmt":"2019-01-18T20:53:04","guid":{"rendered":"https:\/\/www.greatholdings.com.br\/solutions\/?page_id=1223"},"modified":"2019-02-13T22:20:04","modified_gmt":"2019-02-14T00:20:04","slug":"well-solutions","status":"publish","type":"page","link":"https:\/\/www.greatholdings.com.br\/solutions\/well-solutions\/","title":{"rendered":"WELL SOLUTIONS"},"content":{"rendered":"<p>[vc_row][vc_column width=&#8221;2\/3&#8243;][vc_empty_space][vc_column_text]<\/p>\n<p style=\"font-size: 28px; line-height: 1.2;\">Well Solutions<\/p>\n<p>Buscando o fornecimento de servi\u00e7os integrados na constru\u00e7\u00e3o de po\u00e7os, com foco na otimiza\u00e7\u00e3o de processo, a Great Solutions possui em seu portf\u00f3lio uma \u00e1rea de Servi\u00e7os de Cimenta\u00e7\u00e3o voltada a oferecer solu\u00e7\u00f5es para os v\u00e1rios desafios encontrados nessa atividade cr\u00edtica para garantir a integridade do po\u00e7o. Nossas unidades de 600 HP, operadas por um corpo t\u00e9cnico especializado, tem atuado em diversos projetos onshore pelo Brasil com reconhecida performance e altos n\u00edveis de seguran\u00e7a operacional.<\/p>\n<p><strong>Descomissionamento de Po\u00e7os<\/strong><\/p>\n<p>Ao final da vida produtiva de um campo \u00e9 necess\u00e1rio que se fa\u00e7a o seu descomissionamento para prevenir problemas ambientais. S\u00f3 no Brasil, a ANP estima que ser\u00e3o necess\u00e1rios descomissionar mais de 60 plataformas e 165 po\u00e7os onshore.<\/p>\n<p>A Great Holdings est\u00e1 apta a oferecer os servi\u00e7os de P &amp; A (Plugging and Abandonment Operations) seguindo os requerimentos exigidos pela ag\u00eancia reguladora (ANP).<\/p>\n<p>&nbsp;<\/p>\n<p><a class=\"btn btn-primary\" href=\"https:\/\/www.greatholdings.com.br\/solutions\/wp-content\/uploads\/2019\/02\/Cementing_Unit_Datasheet.pdf\" target=\"_blank\" rel=\"noopener\">Download<\/a><\/p>\n<p>&nbsp;[\/vc_column_text][\/vc_column][vc_column width=&#8221;1\/3&#8243;][\/vc_column][\/vc_row][vc_row][vc_column][vc_empty_space][\/vc_column][\/vc_row]<\/p>\n","protected":false},"excerpt":{"rendered":"<p>[vc_row][vc_column width=&#8221;2\/3&#8243;][vc_empty_space][vc_column_text] Well Solutions Buscando o fornecimento de servi\u00e7os integrados na constru\u00e7\u00e3o de po\u00e7os, com foco na otimiza\u00e7\u00e3o de processo, a Great Solutions possui em seu portf\u00f3lio uma \u00e1rea de Servi\u00e7os de Cimenta\u00e7\u00e3o voltada a oferecer solu\u00e7\u00f5es para os v\u00e1rios desafios encontrados nessa atividade cr\u00edtica para garantir a integridade do po\u00e7o. Nossas unidades de 600 [&hellip;]<\/p>\n","protected":false},"author":852930,"featured_media":0,"parent":0,"menu_order":0,"comment_status":"closed","ping_status":"closed","template":"page-templates\/template-full.php","meta":{"footnotes":""},"class_list":["post-1223","page","type-page","status-publish","hentry"],"_links":{"self":[{"href":"https:\/\/www.greatholdings.com.br\/solutions\/wp-json\/wp\/v2\/pages\/1223","targetHints":{"allow":["GET"]}}],"collection":[{"href":"https:\/\/www.greatholdings.com.br\/solutions\/wp-json\/wp\/v2\/pages"}],"about":[{"href":"https:\/\/www.greatholdings.com.br\/solutions\/wp-json\/wp\/v2\/types\/page"}],"author":[{"embeddable":true,"href":"https:\/\/www.greatholdings.com.br\/solutions\/wp-json\/wp\/v2\/users\/852930"}],"replies":[{"embeddable":true,"href":"https:\/\/www.greatholdings.com.br\/solutions\/wp-json\/wp\/v2\/comments?post=1223"}],"version-history":[{"count":4,"href":"https:\/\/www.greatholdings.com.br\/solutions\/wp-json\/wp\/v2\/pages\/1223\/revisions"}],"predecessor-version":[{"id":1293,"href":"https:\/\/www.greatholdings.com.br\/solutions\/wp-json\/wp\/v2\/pages\/1223\/revisions\/1293"}],"wp:attachment":[{"href":"https:\/\/www.greatholdings.com.br\/solutions\/wp-json\/wp\/v2\/media?parent=1223"}],"curies":[{"name":"wp","href":"https:\/\/api.w.org\/{rel}","templated":true}]}}