{"id":1225,"date":"2019-01-18T18:54:07","date_gmt":"2019-01-18T20:54:07","guid":{"rendered":"https:\/\/www.greatholdings.com.br\/solutions\/?page_id=1225"},"modified":"2019-01-18T19:02:28","modified_gmt":"2019-01-18T21:02:28","slug":"fluid-solutions","status":"publish","type":"page","link":"https:\/\/www.greatholdings.com.br\/solutions\/fluid-solutions\/","title":{"rendered":"FLUID SOLUTIONS"},"content":{"rendered":"<p>[vc_row][vc_column width=&#8221;2\/3&#8243;][vc_empty_space][vc_column_text]<\/p>\n<p style=\"font-size: 28px; line-height: 1.2;\">Fluid Solutions<\/p>\n<p>A Great Solutions fornece todos os servi\u00e7os e produtos associados a fluidos de perfura\u00e7\u00e3o e completa\u00e7\u00e3o necess\u00e1rios para o seu po\u00e7o. Com o objetivo de sempre oferecer solu\u00e7\u00f5es integradas, possu\u00edmos tamb\u00e9m uma linha completa de equipamento de controle de s\u00f3lidos e gerenciamento de res\u00edduos desenhados para manter a integridade, reduzir perdas de fluidos e minimizar impactos de HSE.<\/p>\n<p>Nossos comprovados sistemas de fluidos base \u00e1gua e sint\u00e9tica, associados a solu\u00e7\u00f5es de engenharia e gerenciamento de projetos, possibilitam o desenvolvimento de solu\u00e7\u00f5es customizadas para nossos clientes alcan\u00e7ando expressivos ganhos de efici\u00eancia e redu\u00e7\u00e3o de custos para qualquer projeto de Oil &amp; Gas, seja ele onshore ou offshore.<\/p>\n<p>&nbsp;[\/vc_column_text][\/vc_column][vc_column width=&#8221;1\/3&#8243;][\/vc_column][\/vc_row][vc_row][vc_column][vc_empty_space][\/vc_column][\/vc_row]<\/p>\n","protected":false},"excerpt":{"rendered":"<p>[vc_row][vc_column width=&#8221;2\/3&#8243;][vc_empty_space][vc_column_text] Fluid Solutions A Great Solutions fornece todos os servi\u00e7os e produtos associados a fluidos de perfura\u00e7\u00e3o e completa\u00e7\u00e3o necess\u00e1rios para o seu po\u00e7o. Com o objetivo de sempre oferecer solu\u00e7\u00f5es integradas, possu\u00edmos tamb\u00e9m uma linha completa de equipamento de controle de s\u00f3lidos e gerenciamento de res\u00edduos desenhados para manter a integridade, reduzir perdas [&hellip;]<\/p>\n","protected":false},"author":852930,"featured_media":0,"parent":0,"menu_order":0,"comment_status":"closed","ping_status":"closed","template":"page-templates\/template-full.php","meta":{"footnotes":""},"class_list":["post-1225","page","type-page","status-publish","hentry"],"_links":{"self":[{"href":"https:\/\/www.greatholdings.com.br\/solutions\/wp-json\/wp\/v2\/pages\/1225","targetHints":{"allow":["GET"]}}],"collection":[{"href":"https:\/\/www.greatholdings.com.br\/solutions\/wp-json\/wp\/v2\/pages"}],"about":[{"href":"https:\/\/www.greatholdings.com.br\/solutions\/wp-json\/wp\/v2\/types\/page"}],"author":[{"embeddable":true,"href":"https:\/\/www.greatholdings.com.br\/solutions\/wp-json\/wp\/v2\/users\/852930"}],"replies":[{"embeddable":true,"href":"https:\/\/www.greatholdings.com.br\/solutions\/wp-json\/wp\/v2\/comments?post=1225"}],"version-history":[{"count":2,"href":"https:\/\/www.greatholdings.com.br\/solutions\/wp-json\/wp\/v2\/pages\/1225\/revisions"}],"predecessor-version":[{"id":1231,"href":"https:\/\/www.greatholdings.com.br\/solutions\/wp-json\/wp\/v2\/pages\/1225\/revisions\/1231"}],"wp:attachment":[{"href":"https:\/\/www.greatholdings.com.br\/solutions\/wp-json\/wp\/v2\/media?parent=1225"}],"curies":[{"name":"wp","href":"https:\/\/api.w.org\/{rel}","templated":true}]}}